remainder when 31243 is divided by 217.
212
What is the remainder when 583372 is divided by 39?
10
What is the remainder when 25407 is divided by 50?
7
Calculate the remainder when 16882 is divided by 123.
31
What is the remainder when 3724 is divided by 1853?
18
What is the remainder when 681077 is divided by 40?
37
Calculate the remainder when 8082 is divided by 75.
57
What is the remainder when 4406 is divided by 92?
82
What is the remainder when 1659 is divided by 1659?
0
Calculate the remainder when 11450 is divided by 16.
10
What is the remainder when 1367869 is divided by 134?
131
What is the remainder when 104437 is divided by 31?
29
What is the remainder when 94596 is divided by 473?
469
Calculate the remainder when 7301 is divided by 428.
25
Calculate the remainder when 1914 is divided by 115.
74
What is the remainder when 939 is divided by 84?
15
What is the remainder when 897 is divided by 242?
171
What is the remainder when 63777 is divided by 77?
21
What is the remainder when 31551 is divided by 196?
191
What is the remainder when 6587 is divided by 26?
9
What is the remainder when 18666 is divided by 11?
10
What is the remainder when 7045568 is divided by 1371?
1370
Calculate the remainder when 25637 is divided by 18.
5
Calculate the remainder when 92363 is divided by 92343.
20
What is the remainder when 376989 is divided by 18?
15
What is the remainder when 6611 is divided by 9?
5
What is the remainder when 4802 is divided by 421?
171
Calculate the remainder when 3340 is divided by 71.
3
What is the remainder when 2737 is divided by 1129?
479
What is the remainder when 18440 is divided by 6144?
8
Calculate the remainder when 41424 is divided by 793.
188
Calculate the remainder when 803292 is divided by 71.
69
Calculate the remainder when 54050 is divided by 8994.
86
Calculate the remainder when 159093 is divided by 84.
81
What is the remainder when 777 is divided by 28?
21
Calculate the remainder when 8452 is divided by 139.
112
What is the remainder when 156 is divided by 41?
33
What is the remainder when 67721 is divided by 63?
59
Calculate the remainder when 2705 is divided by 43.
39
Calculate the remainder when 15720 is divided by 2618.
12
What is the remainder when 112519 is divided by 145?
144
What is the remainder when 18186 is divided by 172?
126
Calculate the remainder when 3053 is divided by 929.
266
What is the remainder when 11148 is divided by 588?
564
What is the remainder when 67699 is divided by 517?
489
What is the remainder when 25451 is divided by 25432?
19
What is the remainder when 87991 is divided by 17598?
1
Calculate the remainder when 5086 is divided by 78.
16
What is the remainder when 210994 is divided by 1388?
18
Calculate the remainder when 3580735 is divided by 171.
166
Calculate the remainder when 240922 is divided by 63.
10
What is the remainder when 996859 is divided by 256?
251
What is the remainder when 2310 is divided by 596?
522
Calculate the remainder when 31807 is divided by 383.
18
Calculate the remainder when 5862 is divided by 225.
12
What is the remainder when 20523 is divided by 6718?
369
What is the remainder when 22530 is divided by 48?
18
What is the remainder when 49045 is divided by 249?
241
Calculate the remainder when 3820 is divided by 511.
243
Calculate the remainder when 178142 is divided by 179.
37
Calculate the remainder when 9999753 is divided by 468.
465
What is the remainder when 1729932 is divided by 333?
330
Calculate the remainder when 84856 is divided by 59.
14
What is the remainder when 313690 is divided by 373?
370
Calculate the remainder when 28265 is divided by 1662.
11
Calculate the remainder when 1227751 is divided by 332.
15
Calculate the remainder when 2475 is divided by 2.
1
Calculate the remainder when 74630 is divided by 135.
110
What is the remainder when 40490 is divided by 34?
30
What is the remainder when 104329 is divided by 14904?
1
Calculate the remainder when 226573 is divided by 226569.
4
Calculate the remainder when 862 is divided by 229.
175
What is the remainder when 191567 is divided by 188?
183
What is the remainder when 18420 is divided by 56?
52
Calculate the remainder when 308824 is divided by 133.
131
What is the remainder when 8108 is divided by 51?
50
Calculate the remainder when 2293 is divided by 188.
37
Calculate the remainder when 21721 is divided by 546.
427
Calculate the remainder when 46479 is divided by 15488.
15
Calculate the remainder when 1292 is divided by 422.
26
Calculate the remainder when 22214 is divided by 529.
525
What is the remainder when 4883 is divided by 47?
42
What is the remainder when 4092 is divided by 238?
46
Calculate the remainder when 493289 is divided by 58.
57
Calculate the remainder when 815 is divided by 639.
176
What is the remainder when 8577070 is divided by 603?
601
What is the remainder when 19474 is divided by 3245?
4
Calculate the remainder when 2579 is divided by 1548.
1031
Calculate the remainder when 3185 is divided by 268.
237
What is the remainder when 51093 is divided by 55?
53
What is the remainder when 24964 is divided by 362?
348
What is the remainder when 1648 is divided by 66?
64
Calculate the remainder when 113 is divided by 108.
5
What is the remainder when 24654 is divided by 986?
4
Calculate the remainder when 27774 is divided by 25.
24
What is the remainder when 28537 is divided by 961?
668
Calculate the remainder when 35342 is divided by 83.
67
What is the remainder when 37329 is divided by 52?
45
Calculate the remainder when 898 is divided by 94.
52
Calculate the remainder when 25342 is divided by 66.
64
What is the remainder when 84864 is divided by 1601?
11
Calculate the remainder when 36178 is divided by 18068.
42
Calculate the remainder when 19669 is divided by 205.
194
What is the remainder when 1188 is divided by 35?
33
Calculate the remainder when 118852 is divided by 21.
13
What is the remainder when 14949 is divided by 340?
329
What is the remainder when 51243 is divided by 78?
75
Calculate the remainder when 7237 is divided by 404.
369
What is the remainder when 1721 is divided by 533?
122
Calculate the remainder when 2397 is divided by 1037.
323
What is the remainder when 376 is divided by 76?
72
Calculate the remainder when 1068212 is divided by 14.
12
What is the remainder when 130510 is divided by 2289?
37
Calculate the remainder when 38705 is divided by 2764.
9
What is the remainder when 1597 is divided by 176?
13
Calculate the remainder when 139 is divided by 73.
66
Calculate the remainder when 17026 is divided by 315.
16
Calculate the remainder when 462 is divided by 247.
215
What is the remainder when 291681 is divided by 3007?
2
Calculate the remainder when 5060 is divided by 34.
28
What is the remainder when 1234 is divided by 40?
34
What is the remainder when 2881 is divided by 670?
201
Calculate the remainder when 10106 is divided by 68.
42
What is the remainder when 1347215 is divided by 104?
103
What is the remainder when 189499 is divided by 379?
378
What is the remainder when 48877 is divided by 242?
235
Calculate the remainder when 66645 is divided by 9515.
40
Calculate the remainder when 2127 is divided by 1458.
669
Calculate the remainder when 12792 is divided by 3.
0
Calculate the remainder when 591429 is divided by 710.
709
What is the remainder when 14171 is divided by 79?
30
What is the remainder when 83063 is divided by 710?
703
What is the remainder when 8140 is divided by 541?
25
What is the remainder when 186190 is divided by 429?
4
Calculate the remainder when 13577 is divided by 30.
17
What is the remainder when 61336 is divided by 24?
16
Calculate the remainder when 3250 is divided by 777.
142
What is the remainder when 1171 is divided by 282?
43
Calculate the remainder when 388256 is divided by 15.
11
What is the remainder when 195 is divided by 97?
1
Calculate the remainder when 2936118 is divided by 487.
482
What is the remainder when 160 is divided by 31?
5
What is the remainder when 24835 is divided by 191?
5
Calculate the remainder when 80534 is divided by 105.
104
What is the remainder when 62 is divided by 31?
0
Calculate the remainder when 32069 is divided by 5339.
35
What is the remainder when 13338 is divided by 139?
133